s digit of y(h)?
8
Suppose -60 = -c - 3*c. Suppose 4*j - 2*a = 0, -j + 4 = 5*a - 18. Suppose 0*f + f - j*i = c, 0 = 3*i. What is the tens digit of f?
1
Suppose 4*n - 3*q + 6 = 0, -6*q = 2*n - 2*q + 14. Suppose -5*a + 10 = -15. Let c = a + n. What is the units digit of c?
2
Let w = 14 + 18. What is the tens digit of 239/4 - (-8)/w?
6
Let b be 6/(-3 - (-27)/6). Suppose 4*a - 528 = -b*a. What is the tens digit of a?
6
Let i(c) = c + 5. Let q(x) = x - 2. Let m(o) = i(o) + 4*q(o). What is the tens digit of m(6)?
2
Let u be 0/((1 - 3)/(-2)). Suppose u = 21*z - 22*z. Suppose v + 4*v - 10 = z. What is the units digit of v?
2
Suppose -540 = -3*m - y, -5*y - 40 + 220 = m. What is the tens digit of m?
8
What is the tens digit of (-63)/168 - (-13542)/16?
4
Let x(z) = -33*z**2 - 2*z + 7. Let t(m) = -32*m**2 - m + 7. Let u(g) = -3*t(g) + 2*x(g). Let f be u(3). Suppose 2*j + 3*j - f = 0. What is the units digit of j?
2
Suppose 3*i + t = 5771, 0*t - 7691 = -4*i - 5*t. What is the hundreds digit of i?
9
Let t = -46 + 88. Let u be (-12 - -12)/(4/2). Suppose t = -u*d + 2*d. What is the units digit of d?
1
Let p = -116 - 68. Let w = 17 - p. What is the units digit of w?
1
Suppose 0 = -4*m - 15 - 1, 0 = a + 3*m - 499. What is the hundreds digit of a?
5
Let l be (8/(-9))/(-4) - 5275/45. Let m = -49 - l. What is the units digit of m?
8
Let d = -436 - -1792. What is the thousands digit of d?
1
Let a(n) = 2*n + 9. Let b be (-15 + 3)/(-3) - 3. Let v = b - -17. What is the units digit of a(v)?
5
Suppose 14 = -3*o + 2*o. Let y be (7/(-14))/((-1)/o). What is the units digit of -1*5*(y - -6)?
5
Suppose 0 = -3*a + 2*v - 26, -5*a - 48 = -5*v - 8. Suppose 4*y = 83 + 77. Let n = y + a. What is the units digit of n?
0
Suppose 3716 = 5*k - 4809. What is the units digit of k?
5
Suppose -37*o + 11805 - 705 = 0. What is the units digit of o?
0
Suppose -3*k - 56 = 3*s - k, 4*k = s. Let c = 25 + s. What is the units digit of 1/1 + (c - 3)?
7
What is the units digit of 2*(2695/2 + 10)?
5
What is the thousands digit of 436414/332 + (-10)/4?
1
Let y(s) = 3*s**3 + 10*s**2 - 13*s + 15 - 4*s**3 + 5. Let z(h) = -2*h**3 + 12*h**2 + 14*h + 8. Let o be z(7). What is the tens digit of y(o)?
4
Let h be (1 - 27/(-15))*5. Let m be 1 + 0/(-2) + h. Suppose r = 4, -m = 2*g - 3*g - 2*r. What is the units digit of g?
7
Suppose -9*d + 121 = -1292. What is the hundreds digit of d?
1
Let q(b) be the second derivative of -b**5/20 - 13*b**4/12 + 13*b**3/6 + 21*b**2/2 - 5*b. What is the units digit of q(-14)?
5
What is the units digit of 17045/15 + 9/(-27)?
6
Suppose -7*k = -3*d - 9*k + 8725, 5*k = 5*d - 14575. What is the thousands digit of d?
2
Let l(f) = 2*f**2 - 2*f + 2. Let b be l(2). Suppose a + b = -n - 2*a, -a = 3*n - 6. What is the units digit of n?
3
Let j = 113 - 1802. What is the tens digit of 2/(-3) + j/(-9)?
8
Suppose 6*f - 2*f + q - 5 = 0, 0 = 5*f - 2*q - 3. Let o be -4*f/2 + 2. Suppose o*y - 5*y = -115. What is the units digit of y?
3
Let t(y) = -4*y + 3. Let u be t(-3). Let n(a) = 7 + 3 + 2*a - u. What is the units digit of n(6)?
7
Suppose -10*s + 12067 - 1977 = 0. What is the tens digit of s?
0
Suppose -5*q - 450 = 395. Let l = -84 - q. What is the tens digit of l?
8
Let p be 108 - -3*(-4)/(-6). Let l be 6*3017/420 + (-1)/10. Let j = p - l. What is the tens digit of j?
6
Suppose 0 = -20*k + 5*k + 5145. What is the tens digit of k?
4
What is the tens digit of (5225/(-30))/(-11)*6?
9
Let l = -7 - -12. Suppose 7 = -l*t - 23. What is the tens digit of (t + 2)*(-10 + 4)?
2
What is the hundreds digit of 793 + (-3)/((-15)/(-5))?
7
Let h = -370 - -622. Suppose 3*s - h = -0*m + 3*m, -90 = -s - 2*m. What is the tens digit of s?
8
Let m = -8 - -19. Suppose 2*i - 3 - m = 0. Suppose 3*n = -z + 11, -z = i*n - 5*n - 7. What is the units digit of n?
4
Let q be -6 + 561 + 4/4. Let o = q - 352. What is the units digit of o?
4
What is the units digit of (2 - -5)/7*105*3?
5
Suppose 0*j + 362 = j + 3*v, -v = 5*j - 1796. What is the tens digit of j?
5
Let m be (3/4)/(3/(-144)). Let s = -25 - m. What is the tens digit of s?
1
Let f be 9/(-2)*4/(-6). Suppose -4*t = f*r - 25, 3*r - t - 35 = r. What is the units digit of r?
5
Let j(p) = 12*p - 24. Let n(u) = 11*u - 24. Let t(x) = 5*j(x) - 4*n(x). What is the tens digit of t(6)?
7
Suppose -4*l + 998 = -f - 122, 2*f - 271 = -l. What is the tens digit of l?
7
Let d = 3 + -8. What is the units digit of d + 12/4 + 33?
1
Suppose -3*l = -4*y + 9, 2*l = 2*y + l - 5. Suppose -u + 4*u - 4*b - 297 = 0, 5*u - y*b = 495. Let a = -53 + u. What is the tens digit of a?
4
Let h(s) = -s**3 + 9*s**2 + s + 9. Let d(k) = -3*k - 33. Let b(g) = -g - 17. Let a(l) = -5*b(l) + 2*d(l). Let m be a(10). What is the units digit of h(m)?
8
Let o(w) = -w**3 - w**2 + w - 5. Let r be o(0). Let u = -16 + r. Let m = 42 + u. What is the tens digit of m?
2
Suppose 76*s - 32 = 68*s. Let m = 29 + 5. Suppose 31 = c + s*a, c = -c - a + m. What is the units digit of c?
5
Let l = 2536 - 775. What is the hundreds digit of l?
7
Let u(t) = 174*t**2 + 6*t - 3. What is the units digit of u(1)?
7
Suppose 0 = 2*m - 3*g + 3, 2*g - 3*g = 3*m - 12. Let y = m + 3. Suppose 4*h + s - 36 = 0, -42 = -3*h - 3*s + y*s. What is the tens digit of h?
1
Let x = 1 + -40. Let d = 12 - x. What is the units digit of d?
1
What is the hundreds digit of (-17*(2 - -88))/(3/(-2))?
0
Let f(d) = -d**2 - 18*d + 24. Let l be f(-19). Suppose 78 = 6*v - 5*v - 2*u, 2*v - 174 = -l*u. What is the units digit of v?
2
Let a(z) = -2*z - 3. Let b be a(-2). Let d be (8/b)/2 + -2. Suppose 4*c = -y - c + 12, -d*c = 2*y - 48. What is the units digit of y?
7
Suppose -3*c = -3*o + 2*c - 39, 2*o + c = -13. Let d(n) = -n**2 - 10*n - 16. Let u be d(o). Suppose u = -4*a + 68 + 180. What is the units digit of a?
2
Suppose 8*g = -16 - 184. Let v = g + 100. Suppose 3*q + 5*p - 161 = 0, 49 = 2*q - 5*p - v. What is the units digit of q?
7
Let m(s) = -958*s + 17 + 20 + 1020*s. What is the tens digit of m(4)?
8
Let q(g) = 5*g - 2. Let i be q(-1). Let m(w) = w**2 - 2*w - 10. What is the tens digit of m(i)?
5
What is the hundreds digit of (-81650)/(-322) - 4/7?
2
Suppose -8*l + 11*l - 75 = 0. Let y = 11 + l. What is the tens digit of y?
3
Suppose 2*k - 2*x = -0*k, k = 2*x + 2. Let w = -485 + 483. What is the units digit of k/w*(-11 + 13)?
2
Suppose 29*l - 30*l + 1779 = 0. What is the thousands digit of l?
1
Let c(x) = x**3 + 8*x**2 - 7*x - 10. Let a(s) = -s**3 - 8*s**2 + 6*s + 10. Let i(m) = 5*a(m) + 6*c(m). Let y = -28 + 19. What is the tens digit of i(y)?
1
Let j be 27/18*2/3. What is the tens digit of 14 - (1 - j/1)?
1
Let s(z) = 6*z + 5. Let m(d) = d - 6. Let g be m(0). Let x be s(g). Let o = x - -56. What is the tens digit of o?
2
Let f = 32 - 9. Let g = f - 5. What is the tens digit of ((-2)/(-6) - -1)*g?
2
Suppose 3*b = -2 + 8. Let v be (78/(-4))/((-1)/2). Suppose -o + v = -3*y, -o + b*y - 6*y + 4 = 0. What is the tens digit of o?
2
Let f be -102 + 0*(-1 + 2). Let k be (1/3)/((-1)/f). Let y = 47 - k. What is the units digit of y?
3
Suppose -w - 3*w - 309 = -5*x, 329 = 5*x + w. Let r = x + -45. Let g = 28 - r. What is the units digit of g?
8
Suppose 2*f - 38 = -8. Suppose -5*i = 5*s - 5, -f = 2*s + s. What is the units digit of i?
6
Let v = 1986 + -1205. Suppose 4*d + v = 4*h + 7*d, -975 = -5*h - 4*d. What is the tens digit of h?
9
Let k = -15 - -11. Let c be ((-30)/(-4))/((-3)/k). Let x(t) = t**2 - 10*t + 8. What is the units digit of x(c)?
8
Suppose -5*j = -89 - 56. Suppose g - 23 = 33. Let d = g - j. What is the tens digit of d?
2
Let q = 8 - 4. Suppose -2*b + q*i - 10 = 0, 3*i = -3*b + 2*i + 13. Let z = 3 + b. What is the units digit of z?
6
Let q(b) = 53*b - 1. Let i be ((-4)/(-6)*-3 - -3)*2. What is the tens digit of q(i)?
0
Suppose -5*f + 3*o = -2*o - 65, -f - 4*o - 12 = 0. Let j(z) = -1 + 10 - z + 0 + f. What is the tens digit of j(-13)?
3
Let n(c) be the second derivative of 5/2*c**3 - c**2 + 0 + 2*c. What is the units digit of n(2)?
8
Suppose 4*n - 100 = -k, 4*k - 125 = 4*n + 195. Let z = -38 + k. Suppose 3*d - z = 5*t, -42 = -3*d - d - 3*t. What is the units digit of d?
2
Let k = -94 + 260. What is the hundreds digit of k?
1
Let s be (-10 + 6)/(2/(-6)). Let v(i) = -2*i**3 + 25*i**2 - 13*i + 13. What is the units digit of v(s)?
1
Let w(c) = -c**2 - 